 remainder when 98069 is divided by 6727?
3891
Calculate the remainder when 22368184 is divided by 4952.
0
What is the remainder when 995696 is divided by 137?
117
What is the remainder when 2509330 is divided by 30600?
130
What is the remainder when 537306 is divided by 1285?
176
What is the remainder when 1613991 is divided by 1832?
1831
Calculate the remainder when 811126 is divided by 18847.
705
Calculate the remainder when 14203726 is divided by 976.
974
Calculate the remainder when 2612221 is divided by 581.
45
What is the remainder when 54893509 is divided by 440?
429
What is the remainder when 384732525 is divided by 5716?
5713
What is the remainder when 5140 is divided by 1708?
16
Calculate the remainder when 6463839 is divided by 93.
60
What is the remainder when 96326547 is divided by 49936?
3
Calculate the remainder when 13716594 is divided by 36001.
213
Calculate the remainder when 5572654 is divided by 7541.
7396
Calculate the remainder when 54014296 is divided by 37.
31
What is the remainder when 736058 is divided by 23704?
1234
What is the remainder when 13822 is divided by 4473?
403
What is the remainder when 4493 is divided by 179?
18
What is the remainder when 144124 is divided by 571?
232
What is the remainder when 25366450 is divided by 2911?
2907
Calculate the remainder when 55719 is divided by 111.
108
Calculate the remainder when 24306115 is divided by 18058.
47
What is the remainder when 985181 is divided by 43?
8
What is the remainder when 10262861 is divided by 965?
86
Calculate the remainder when 84040 is divided by 195.
190
Calculate the remainder when 3029542 is divided by 1253.
1041
Calculate the remainder when 225724 is divided by 75112.
388
Calculate the remainder when 1098851 is divided by 175.
26
Calculate the remainder when 1663100 is divided by 1663079.
21
Calculate the remainder when 58238321 is divided by 3289.
3287
Calculate the remainder when 47344 is divided by 5653.
2120
Calculate the remainder when 731684 is divided by 91.
44
Calculate the remainder when 1881274 is divided by 2056.
34
What is the remainder when 1090861 is divided by 1828?
1373
Calculate the remainder when 382831 is divided by 95706.
7
Calculate the remainder when 9152 is divided by 655.
637
What is the remainder when 20694890 is divided by 150?
140
Calculate the remainder when 98137 is divided by 5472.
5113
What is the remainder when 1960581 is divided by 11601?
12
What is the remainder when 1382577 is divided by 6401?
6362
What is the remainder when 15563108 is divided by 13313?
211
What is the remainder when 2069767 is divided by 734?
621
What is the remainder when 4438158 is divided by 1207?
19
Calculate the remainder when 2592323 is divided by 40.
3
What is the remainder when 792660 is divided by 79264?
20
What is the remainder when 8907598 is divided by 78?
76
Calculate the remainder when 333898 is divided by 18545.
88
What is the remainder when 1848380 is divided by 6975?
5
What is the remainder when 25167 is divided by 2789?
66
What is the remainder when 691622 is divided by 5079?
878
What is the remainder when 168715 is divided by 4677?
343
Calculate the remainder when 46175 is divided by 15252.
419
What is the remainder when 3630230 is divided by 34906?
6
What is the remainder when 11293 is divided by 2073?
928
Calculate the remainder when 15754695 is divided by 25.
20
What is the remainder when 4863662 is divided by 25598?
42
Calculate the remainder when 50400 is divided by 2517.
60
Calculate the remainder when 8152 is divided by 7556.
596
What is the remainder when 708246 is divided by 17272?
94
What is the remainder when 49130 is divided by 1797?
611
What is the remainder when 58859708 is divided by 14?
12
What is the remainder when 1968833 is divided by 7032?
6905
Calculate the remainder when 3946190 is divided by 21802.
28
What is the remainder when 52019 is divided by 7408?
163
What is the remainder when 276453878 is divided by 485?
483
What is the remainder when 1781299 is divided by 593687?
238
What is the remainder when 569664 is divided by 252?
144
What is the remainder when 206691 is divided by 102552?
1587
What is the remainder when 4250386 is divided by 161?
147
Calculate the remainder when 1459367 is divided by 153.
53
Calculate the remainder when 246096 is divided by 240.
96
Calculate the remainder when 474833 is divided by 12175.
8
What is the remainder when 75471 is divided by 3433?
3378
What is the remainder when 280153 is divided by 138987?
2179
What is the remainder when 1514557 is divided by 591?
415
What is the remainder when 80559210 is divided by 16?
10
Calculate the remainder when 128657 is divided by 32141.
93
What is the remainder when 3534283 is divided by 589046?
7
What is the remainder when 34412 is divided by 3441?
2
Calculate the remainder when 8921795 is divided by 13376.
3
Calculate the remainder when 4030010 is divided by 3532.
3530
Calculate the remainder when 108452 is divided by 107373.
1079
What is the remainder when 447465 is divided by 84?
81
What is the remainder when 4539397 is divided by 446?
9
Calculate the remainder when 155133 is divided by 3228.
189
Calculate the remainder when 5503446 is divided by 106.
32
Calculate the remainder when 423833 is divided by 481.
72
What is the remainder when 3046068 is divided by 770?
718
Calculate the remainder when 37449177 is divided by 1665.
1662
Calculate the remainder when 83874 is divided by 5505.
1299
Calculate the remainder when 1523592 is divided by 761775.
42
Calculate the remainder when 206848 is divided by 108.
28
What is the remainder when 710125 is divided by 1899?
1798
What is the remainder when 283806678 is divided by 3779?
3778
What is the remainder when 103679843 is divided by 466?
435
What is the remainder when 13787 is divided by 4459?
410
Calculate the remainder when 27010 is divided by 2065.
165
Calculate the remainder when 42850569 is divided by 145.
24
Calculate the remainder when 657545 is divided by 131507.
10
Calculate the remainder when 1396038 is divided by 141.
138
Calculate the remainder when 1287515 is divided by 2034.
2027
Calculate the remainder when 244656 is divided by 87.
12
What is the remainder when 13574290 is divided by 68?
62
Calculate the remainder when 5000241 is divided by 208343.
9
Calculate the remainder when 1736538 is divided by 108531.
42
What is the remainder when 8909619 is divided by 18?
15
Calculate the remainder when 209197 is divided by 13940.
97
Calculate the remainder when 655792 is divided by 164.
120
Calculate the remainder when 2273814 is divided by 454755.
39
Calculate the remainder when 33829 is divided by 9948.
3985
Calculate the remainder when 69470603 is divided by 113514.
35
What is the remainder when 949251 is divided by 86287?
94
What is the remainder when 1076117 is divided by 12?
5
What is the remainder when 190719 is divided by 181?
126
Calculate the remainder when 55228264 is divided by 141.
115
What is the remainder when 397587 is divided by 28399?
1
What is the remainder when 20574607 is divided by 29775?
82
What is the remainder when 162600073 is divided by 3316?
13
What is the remainder when 10406305 is divided by 2081257?
20
Calculate the remainder when 28551 is divided by 5399.
1556
What is the remainder when 26508995 is divided by 2993?
2987
Calculate the remainder when 63551119 is divided by 741.
736
What is the remainder when 17947019 is divided by 2470?
2469
Calculate the remainder when 230414 is divided by 602.
450
What is the remainder when 870450 is divided by 2054?
1608
Calculate the remainder when 359378 is divided by 44919.
26
Calculate the remainder when 113513 is divided by 15.
8
Calculate the remainder when 25520 is divided by 12229.
1062
Calculate the remainder when 227535122 is divided by 1274.
1270
What is the remainder when 792208 is divided by 49476?
592
Calculate the remainder when 2724846 is divided by 46181.
167
What is the remainder when 2309671 is divided by 20?
11
What is the remainder when 224815 is divided by 3913?
1774
Calculate the remainder when 17095 is divided by 1822.
697
What is the remainder when 4782234 is divided by 80?
74
What is the remainder when 91460 is divided by 11060?
2980
What is the remainder when 15475 is divided by